ist the prime factors of 168029.
168029
What are the prime factors of 6706?
2, 7, 479
What are the prime factors of 51617?
71, 727
List the prime factors of 13954.
2, 6977
List the prime factors of 709.
709
What are the prime factors of 1406?
2, 19, 37
List the prime factors of 2722.
2, 1361
What are the prime factors of 3051?
3, 113
List the prime factors of 36949.
11, 3359
What are the prime factors of 65866?
2, 32933
What are the prime factors of 5004?
2, 3, 139
List the prime factors of 77299.
17, 4547
What are the prime factors of 1088?
2, 17
What are the prime factors of 4206?
2, 3, 701
List the prime factors of 2879.
2879
List the prime factors of 493.
17, 29
What are the prime factors of 3037?
3037
List the prime factors of 23713.
23, 1031
What are the prime factors of 60655?
5, 7, 1733
List the prime factors of 26291.
61, 431
List the prime factors of 29501.
29501
List the prime factors of 24274.
2, 53, 229
List the prime factors of 7614.
2, 3, 47
What are the prime factors of 307?
307
List the prime factors of 93139.
93139
List the prime factors of 2727.
3, 101
List the prime factors of 1106.
2, 7, 79
List the prime factors of 29532.
2, 3, 23, 107
What are the prime factors of 880?
2, 5, 11
What are the prime factors of 7031?
79, 89
List the prime factors of 7906.
2, 59, 67
What are the prime factors of 20584?
2, 31, 83
What are the prime factors of 40564?
2, 10141
List the prime factors of 29726.
2, 89, 167
List the prime factors of 6675.
3, 5, 89
What are the prime factors of 9186?
2, 3, 1531
List the prime factors of 36183.
3, 7, 1723
What are the prime factors of 10538?
2, 11, 479
What are the prime factors of 2588?
2, 647
List the prime factors of 688.
2, 43
List the prime factors of 409.
409
List the prime factors of 1620.
2, 3, 5
List the prime factors of 6661.
6661
List the prime factors of 11336.
2, 13, 109
What are the prime factors of 1647?
3, 61
What are the prime factors of 78?
2, 3, 13
What are the prime factors of 3387?
3, 1129
What are the prime factors of 3045?
3, 5, 7, 29
What are the prime factors of 5110?
2, 5, 7, 73
List the prime factors of 5609.
71, 79
What are the prime factors of 521?
521
List the prime factors of 36970.
2, 5, 3697
What are the prime factors of 1979?
1979
What are the prime factors of 5981?
5981
What are the prime factors of 123906?
2, 3, 107, 193
What are the prime factors of 1632?
2, 3, 17
List the prime factors of 10130.
2, 5, 1013
List the prime factors of 62340.
2, 3, 5, 1039
What are the prime factors of 2524?
2, 631
List the prime factors of 37940.
2, 5, 7, 271
What are the prime factors of 26455?
5, 11, 13, 37
List the prime factors of 821.
821
List the prime factors of 2975.
5, 7, 17
List the prime factors of 2615.
5, 523
What are the prime factors of 2514?
2, 3, 419
What are the prime factors of 17484?
2, 3, 31, 47
What are the prime factors of 7401?
3, 2467
What are the prime factors of 23550?
2, 3, 5, 157
List the prime factors of 11859.
3, 59, 67
What are the prime factors of 653?
653
List the prime factors of 22904.
2, 7, 409
What are the prime factors of 2350?
2, 5, 47
What are the prime factors of 8688?
2, 3, 181
What are the prime factors of 2223?
3, 13, 19
What are the prime factors of 4615?
5, 13, 71
What are the prime factors of 171518?
2, 191, 449
What are the prime factors of 4373?
4373
List the prime factors of 225.
3, 5
What are the prime factors of 1041?
3, 347
What are the prime factors of 557?
557
List the prime factors of 7497.
3, 7, 17
List the prime factors of 33395.
5, 6679
What are the prime factors of 84305?
5, 13, 1297
What are the prime factors of 34487?
34487
List the prime factors of 53540.
2, 5, 2677
What are the prime factors of 1029?
3, 7
List the prime factors of 86929.
86929
List the prime factors of 24202.
2, 12101
List the prime factors of 707.
7, 101
What are the prime factors of 381?
3, 127
List the prime factors of 5070.
2, 3, 5, 13
List the prime factors of 3267.
3, 11
List the prime factors of 5679.
3, 631
List the prime factors of 973.
7, 139
List the prime factors of 54.
2, 3
What are the prime factors of 6038?
2, 3019
List the prime factors of 4061.
31, 131
What are the prime factors of 935?
5, 11, 17
List the prime factors of 2293.
2293
List the prime factors of 4067.
7, 83
List the prime factors of 2051.
7, 293
What are the prime factors of 5810?
2, 5, 7, 83
List the prime factors of 8602.
2, 11, 17, 23
List the prime factors of 40547.
13, 3119
List the prime factors of 171.
3, 19
What are the prime factors of 15750?
2, 3, 5, 7
What are the prime factors of 936?
2, 3, 13
What are the prime factors of 1430?
2, 5, 11, 13
List the prime factors of 221.
13, 17
What are the prime factors of 67932?
2, 3, 17, 37
What are the prime factors of 17291?
17291
List the prime factors of 20412.
2, 3, 7
What are the prime factors of 2843?
2843
List the prime factors of 7580.
2, 5, 379
What are the prime factors of 1703?
13, 131
What are the prime factors of 32382?
2, 3, 7, 257
List the prime factors of 3270.
2, 3, 5, 109
List the prime factors of 55659.
3, 18553
List the prime factors of 700.
2, 5, 7
What are the prime factors of 7291?
23, 317
What are the prime factors of 2891?
7, 59
List the prime factors of 6307.
7, 17, 53
List the prime factors of 113831.
89, 1279
What are the prime factors of 2477?
2477
List the prime factors of 23237.
19, 1223
What are the prime factors of 1832?
2, 229
What are the prime factors of 8542?
2, 4271
What are the prime factors of 4046?
2, 7, 17
What are the prime factors of 935?
5, 11, 17
List the prime factors of 1311.
3, 19, 23
List the prime factors of 2431.
11, 13, 17
List the prime factors of 40.
2, 5
List the prime factors of 404.
2, 101
List the prime factors of 458.
2, 229
What are the prime factors of 126893?
13, 43, 227
List the prime factors of 2653.
7, 379
List the prime factors of 37099.
23, 1613
List the prime factors of 8680.
2, 5, 7, 31
What are the prime factors of 6343?
6343
List the prime factors of 27284.
2, 19, 359
List the prime factors of 23230.
2, 5, 23, 101
What are the prime factors of 7793?
7793
What are the prime factors of 1336?
2, 167
List the prime factors of 464.
2, 29
What are the prime factors of 194?
2, 97
What are the prime factors of 162218?
2, 7, 11587
What are the prime factors of 19160?
2, 5, 479
List the prime factors of 7271.
11, 661
What are the prime factors of 177?
3, 59
List the prime factors of 962.
2, 13, 37
List the prime factors of 780.
2, 3, 5, 13
List the prime factors of 3290.
2, 5, 7, 47
What are the prime factors of 2016?
2, 3, 7
What are the prime factors of 39022?
2, 109, 179
What are the prime factors of 1341?
3, 149
What are the prime factors of 4464?
2, 3, 31
What are the prime factors of 1626?
2, 3, 271
What are the prime factors of 4647?
3, 1549
List the prime factors of 2318.
2, 19, 61
List the prime factors of 737.
11, 67
What are the prime factors of 3481?
59
List the prime factors of 7109.
7109
What are the prime factors of 33633?
3, 37, 101
What are the prime factors of 8419?
8419
What are the prime factors of 4748?
2, 1187
List the prime factors of 1275.
3, 5, 17
List the prime factors of 9067.
9067
What are the prime factors of 169?
13
What are the prime factors of 359?
359
What are the prime factors of 96559?
223, 433
What are the prime factors of 400?
2, 5
List the prime factors of 24091.
24091
List the prime factors of 802.
2, 401
List the prime factors of 28514.
2, 53, 269
What are the prime factors of 1182?
2, 3, 197
What are the prime factors of 1607?
1607
What are the prime factors of 6300?
2, 3, 5, 7
What are the prime factors of 23932?
2, 31, 193
What are the prime factors of 18381?
3, 11, 557
List the prime factors of 15377.
15377
What are the prime factors of 19564?
2, 67, 73
What are the prime factors of 2367?
3, 263
List the prime factors of 410.
2, 5, 41
List the prime factors of 1103.
1103
List the prime factors of 713.
23, 31
List the prime factors of 12000.
2, 3, 5
List the prime factors of 2389.
2389
List the prime factors of 31.
31
What are the prime factors of 3615?
3, 5, 241
List the prime factors of 2802.
2, 3, 467
List the prime factors of 3460.
2, 5, 173
List the prime factors of 1993.
1993
List the prime factors of 830.
2, 